 by 169425?
102
What is the remainder when 2342831 is divided by 131?
27
What is the remainder when 24780 is divided by 3683?
2682
What is the remainder when 5583895 is divided by 21812?
23
What is the remainder when 18161 is divided by 17051?
1110
What is the remainder when 181525 is divided by 1558?
797
What is the remainder when 106312 is divided by 106200?
112
Calculate the remainder when 576363 is divided by 46.
29
What is the remainder when 132770 is divided by 697?
340
Calculate the remainder when 5880866 is divided by 599.
483
What is the remainder when 19152 is divided by 4170?
2472
Calculate the remainder when 447790 is divided by 111.
16
What is the remainder when 11123 is divided by 4514?
2095
Calculate the remainder when 18431256 is divided by 2858.
14
Calculate the remainder when 41736 is divided by 20825.
86
What is the remainder when 157377311 is divided by 1712?
1711
Calculate the remainder when 402804 is divided by 133755.
1539
What is the remainder when 872564 is divided by 58107?
959
Calculate the remainder when 1515607 is divided by 21045.
367
What is the remainder when 29246 is divided by 1167?
71
Calculate the remainder when 184947555 is divided by 114.
111
What is the remainder when 49736718 is divided by 176?
174
Calculate the remainder when 891757 is divided by 1820.
1777
What is the remainder when 14210317 is divided by 8887?
4
Calculate the remainder when 835093 is divided by 139181.
7
What is the remainder when 109784 is divided by 458?
322
Calculate the remainder when 16933557 is divided by 40.
37
What is the remainder when 1144123 is divided by 114376?
363
Calculate the remainder when 3626189 is divided by 682.
677
What is the remainder when 846935 is divided by 274?
1
What is the remainder when 33033 is divided by 31920?
1113
What is the remainder when 393745 is divided by 65573?
307
Calculate the remainder when 2123165 is divided by 83.
25
What is the remainder when 2940535 is divided by 37?
34
What is the remainder when 181653416 is divided by 7015?
7006
Calculate the remainder when 1000519 is divided by 5105.
5044
What is the remainder when 23634 is divided by 21673?
1961
What is the remainder when 5427850 is divided by 2?
0
What is the remainder when 148408 is divided by 6745?
18
Calculate the remainder when 2278612 is divided by 91144.
12
What is the remainder when 71004108 is divided by 63?
21
Calculate the remainder when 161137742 is divided by 39.
38
What is the remainder when 246600 is divided by 1581?
1545
Calculate the remainder when 804895 is divided by 33536.
31
What is the remainder when 11334575 is divided by 447?
443
Calculate the remainder when 4186203 is divided by 90.
33
Calculate the remainder when 8955565 is divided by 65.
60
Calculate the remainder when 1220939 is divided by 2565.
2564
What is the remainder when 2378464 is divided by 2625?
214
Calculate the remainder when 487723 is divided by 36.
31
Calculate the remainder when 815831 is divided by 41.
13
Calculate the remainder when 61484 is divided by 29742.
2000
Calculate the remainder when 13453806 is divided by 341.
333
Calculate the remainder when 144280 is divided by 331.
295
Calculate the remainder when 273432 is divided by 1477.
187
Calculate the remainder when 3047573 is divided by 138523.
67
What is the remainder when 93372 is divided by 7774?
84
What is the remainder when 18130987 is divided by 20?
7
Calculate the remainder when 724174 is divided by 723881.
293
What is the remainder when 818431 is divided by 204569?
155
Calculate the remainder when 953905 is divided by 582.
7
What is the remainder when 44611580 is divided by 849?
26
What is the remainder when 23193312 is divided by 182?
142
What is the remainder when 782025 is divided by 71085?
90
Calculate the remainder when 49241583 is divided by 5339.
5325
Calculate the remainder when 1745116 is divided by 872544.
28
What is the remainder when 6398378 is divided by 383?
363
Calculate the remainder when 5775931 is divided by 86204.
263
Calculate the remainder when 1537899762 is divided by 19.
14
Calculate the remainder when 53108950 is divided by 7752.
7750
Calculate the remainder when 210670 is divided by 12954.
3406
What is the remainder when 742587 is divided by 742578?
9
What is the remainder when 12149163 is divided by 328?
43
Calculate the remainder when 945765 is divided by 2413.
2282
What is the remainder when 1147333 is divided by 28683?
13
Calculate the remainder when 339095 is divided by 10272.
119
Calculate the remainder when 35347 is divided by 2113.
1539
Calculate the remainder when 43373410 is divided by 1864.
1858
What is the remainder when 400447 is divided by 4128?
31
What is the remainder when 6879482 is divided by 117?
116
What is the remainder when 2826685 is divided by 282659?
95
Calculate the remainder when 44540078 is divided by 16.
14
Calculate the remainder when 2172960 is divided by 246.
42
Calculate the remainder when 185035 is divided by 277.
276
Calculate the remainder when 813233 is divided by 1049.
258
What is the remainder when 39722951 is divided by 10?
1
What is the remainder when 149557723 is divided by 431002?
29
What is the remainder when 1518106 is divided by 2981?
777
Calculate the remainder when 7965063 is divided by 2071.
2068
Calculate the remainder when 5152649 is divided by 5441.
22
What is the remainder when 64457942 is divided by 156?
146
What is the remainder when 87270206 is divided by 20?
6
What is the remainder when 667577 is divided by 1167?
53
What is the remainder when 4361937 is divided by 396?
393
Calculate the remainder when 7722692 is divided by 1482.
1472
What is the remainder when 257434 is divided by 3593?
2331
What is the remainder when 3688277 is divided by 920?
917
What is the remainder when 2239116 is divided by 111955?
16
Calculate the remainder when 1823019 is divided by 543.
168
Calculate the remainder when 201249 is divided by 689.
61
Calculate the remainder when 3218544 is divided by 204.
36
What is the remainder when 147805 is divided by 568?
125
Calculate the remainder when 129504 is divided by 21038.
3276
Calculate the remainder when 38791517 is divided by 67.
58
Calculate the remainder when 91775479 is divided by 343.
341
Calculate the remainder when 11042474 is divided by 1079.
1067
Calculate the remainder when 37234886 is divided by 244.
242
Calculate the remainder when 522897 is divided by 1794.
843
What is the remainder when 2380889 is divided by 55?
49
What is the remainder when 5753854 is divided by 9972?
10
What is the remainder when 19115687 is divided by 487?
450
Calculate the remainder when 6032095 is divided by 5006.
4871
What is the remainder when 1775994 is divided by 480?
474
What is the remainder when 303657 is divided by 16868?
33
Calculate the remainder when 8591483 is divided by 156208.
43
Calculate the remainder when 77575 is divided by 12338.
3547
What is the remainder when 209308 is divided by 257?
110
What is the remainder when 2418774 is divided by 805978?
840
What is the remainder when 14856170 is divided by 4952051?
17
What is the remainder when 7994934 is divided by 65?
64
What is the remainder when 41299 is divided by 1653?
1627
Calculate the remainder when 25164898 is divided by 11305.
11273
What is the remainder when 4940556 is divided by 2056?
2044
What is the remainder when 870658 is divided by 31?
23
Calculate the remainder when 22820629 is divided by 84.
13
What is the remainder when 2701494 is divided by 255?
24
Calculate the remainder when 6555625 is divided by 1713.
1687
What is the remainder when 10187797 is divided by 280?
277
What is the remainder when 183557 is divided by 1929?
302
Calculate the remainder when 2651619 is divided by 149.
15
Calculate the remainder when 9142 is divided by 139.
107
What is the remainder when 41835 is divided by 420?
255
Calculate the remainder when 244556 is divided by 116718.
11120
What is the remainder when 16367781 is divided by 131?
117
Calculate the remainder when 149664 is divided by 821.
242
Calculate the remainder when 464185 is divided by 4596.
4585
What is the remainder when 34284218 is divided by 2142762?
26
What is the remainder when 153513 is divided by 1485?
558
Calculate the remainder when 650881 is divided by 688.